{"id":1232,"date":"2024-05-29T09:44:58","date_gmt":"2024-05-29T12:44:58","guid":{"rendered":"https:\/\/semanarural.ufrrj.br\/2024\/?page_id=1232"},"modified":"2024-05-31T10:07:12","modified_gmt":"2024-05-31T13:07:12","slug":"programacao-geral","status":"publish","type":"page","link":"https:\/\/semanarural.ufrrj.br\/2024\/programacao-geral\/","title":{"rendered":"Programa\u00e7\u00e3o geral"},"content":{"rendered":"\n<p>Divulgamos abaixo a Programa\u00e7\u00e3o geral da Semana Rural 2024.<\/p>\n\n\n\n<div class=\"wp-block-file\"><a id=\"wp-block-file--media-f01349a3-a361-4625-846b-04c36be74d05\" href=\"https:\/\/semanarural.ufrrj.br\/2024\/wp-content\/uploads\/sites\/3\/2024\/05\/Programacao-Geral-1.pdf\">Programa\u00e7\u00e3o Geral<\/a><a href=\"https:\/\/semanarural.ufrrj.br\/2024\/wp-content\/uploads\/sites\/3\/2024\/05\/Programacao-Geral-1.pdf\" class=\"wp-block-file__button wp-element-button\" download aria-describedby=\"wp-block-file--media-f01349a3-a361-4625-846b-04c36be74d05\">Baixar<\/a><\/div>\n","protected":false},"excerpt":{"rendered":"<p>Divulgamos abaixo a Programa\u00e7\u00e3o geral da Semana Rural 2024.<\/p>\n","protected":false},"author":1,"featured_media":0,"parent":0,"menu_order":0,"comment_status":"closed","ping_status":"closed","template":"","meta":{"footnotes":""},"class_list":["post-1232","page","type-page","status-publish","hentry"],"yoast_head":"<!-- This site is optimized with the Yoast SEO plugin v27.2 - https:\/\/yoast.com\/product\/yoast-seo-wordpress\/ -->\n<title>Programa\u00e7\u00e3o geral - Semana Rural 2024<\/title>\n<meta name=\"robots\" content=\"index, follow, max-snippet:-1, max-image-preview:large, max-video-preview:-1\" \/>\n<link rel=\"canonical\" href=\"https:\/\/semanarural.ufrrj.br\/2024\/programacao-geral\/\" \/>\n<meta property=\"og:locale\" content=\"pt_BR\" \/>\n<meta property=\"og:type\" content=\"article\" \/>\n<meta property=\"og:title\" content=\"Programa\u00e7\u00e3o geral - Semana Rural 2024\" \/>\n<meta property=\"og:description\" content=\"Divulgamos abaixo a Programa\u00e7\u00e3o geral da Semana Rural 2024.\" \/>\n<meta property=\"og:url\" content=\"https:\/\/semanarural.ufrrj.br\/2024\/programacao-geral\/\" \/>\n<meta property=\"og:site_name\" content=\"Semana Rural 2024\" \/>\n<meta property=\"article:publisher\" content=\"https:\/\/www.facebook.com\/profile.php?id=100092434855415\" \/>\n<meta property=\"article:modified_time\" content=\"2024-05-31T13:07:12+00:00\" \/>\n<meta name=\"twitter:card\" content=\"summary_large_image\" \/>\n<meta name=\"twitter:label1\" content=\"Est. tempo de leitura\" \/>\n\t<meta name=\"twitter:data1\" content=\"1 minuto\" \/>\n<script type=\"application\/ld+json\" class=\"yoast-schema-graph\">{\"@context\":\"https:\/\/schema.org\",\"@graph\":[{\"@type\":\"WebPage\",\"@id\":\"https:\/\/semanarural.ufrrj.br\/2024\/programacao-geral\/\",\"url\":\"https:\/\/semanarural.ufrrj.br\/2024\/programacao-geral\/\",\"name\":\"Programa\u00e7\u00e3o geral - Semana Rural 2024\",\"isPartOf\":{\"@id\":\"https:\/\/semanarural.ufrrj.br\/2024\/#website\"},\"datePublished\":\"2024-05-29T12:44:58+00:00\",\"dateModified\":\"2024-05-31T13:07:12+00:00\",\"breadcrumb\":{\"@id\":\"https:\/\/semanarural.ufrrj.br\/2024\/programacao-geral\/#breadcrumb\"},\"inLanguage\":\"pt-BR\",\"potentialAction\":[{\"@type\":\"ReadAction\",\"target\":[\"https:\/\/semanarural.ufrrj.br\/2024\/programacao-geral\/\"]}]},{\"@type\":\"BreadcrumbList\",\"@id\":\"https:\/\/semanarural.ufrrj.br\/2024\/programacao-geral\/#breadcrumb\",\"itemListElement\":[{\"@type\":\"ListItem\",\"position\":1,\"name\":\"In\u00edcio\",\"item\":\"https:\/\/semanarural.ufrrj.br\/2024\/\"},{\"@type\":\"ListItem\",\"position\":2,\"name\":\"Programa\u00e7\u00e3o geral\"}]},{\"@type\":\"WebSite\",\"@id\":\"https:\/\/semanarural.ufrrj.br\/2024\/#website\",\"url\":\"https:\/\/semanarural.ufrrj.br\/2024\/\",\"name\":\"Semana Rural 2024\",\"description\":\"\",\"potentialAction\":[{\"@type\":\"SearchAction\",\"target\":{\"@type\":\"EntryPoint\",\"urlTemplate\":\"https:\/\/semanarural.ufrrj.br\/2024\/?s={search_term_string}\"},\"query-input\":{\"@type\":\"PropertyValueSpecification\",\"valueRequired\":true,\"valueName\":\"search_term_string\"}}],\"inLanguage\":\"pt-BR\"}]}<\/script>\n<!-- \/ Yoast SEO plugin. -->","yoast_head_json":{"title":"Programa\u00e7\u00e3o geral - Semana Rural 2024","robots":{"index":"index","follow":"follow","max-snippet":"max-snippet:-1","max-image-preview":"max-image-preview:large","max-video-preview":"max-video-preview:-1"},"canonical":"https:\/\/semanarural.ufrrj.br\/2024\/programacao-geral\/","og_locale":"pt_BR","og_type":"article","og_title":"Programa\u00e7\u00e3o geral - Semana Rural 2024","og_description":"Divulgamos abaixo a Programa\u00e7\u00e3o geral da Semana Rural 2024.","og_url":"https:\/\/semanarural.ufrrj.br\/2024\/programacao-geral\/","og_site_name":"Semana Rural 2024","article_publisher":"https:\/\/www.facebook.com\/profile.php?id=100092434855415","article_modified_time":"2024-05-31T13:07:12+00:00","twitter_card":"summary_large_image","twitter_misc":{"Est. tempo de leitura":"1 minuto"},"schema":{"@context":"https:\/\/schema.org","@graph":[{"@type":"WebPage","@id":"https:\/\/semanarural.ufrrj.br\/2024\/programacao-geral\/","url":"https:\/\/semanarural.ufrrj.br\/2024\/programacao-geral\/","name":"Programa\u00e7\u00e3o geral - Semana Rural 2024","isPartOf":{"@id":"https:\/\/semanarural.ufrrj.br\/2024\/#website"},"datePublished":"2024-05-29T12:44:58+00:00","dateModified":"2024-05-31T13:07:12+00:00","breadcrumb":{"@id":"https:\/\/semanarural.ufrrj.br\/2024\/programacao-geral\/#breadcrumb"},"inLanguage":"pt-BR","potentialAction":[{"@type":"ReadAction","target":["https:\/\/semanarural.ufrrj.br\/2024\/programacao-geral\/"]}]},{"@type":"BreadcrumbList","@id":"https:\/\/semanarural.ufrrj.br\/2024\/programacao-geral\/#breadcrumb","itemListElement":[{"@type":"ListItem","position":1,"name":"In\u00edcio","item":"https:\/\/semanarural.ufrrj.br\/2024\/"},{"@type":"ListItem","position":2,"name":"Programa\u00e7\u00e3o geral"}]},{"@type":"WebSite","@id":"https:\/\/semanarural.ufrrj.br\/2024\/#website","url":"https:\/\/semanarural.ufrrj.br\/2024\/","name":"Semana Rural 2024","description":"","potentialAction":[{"@type":"SearchAction","target":{"@type":"EntryPoint","urlTemplate":"https:\/\/semanarural.ufrrj.br\/2024\/?s={search_term_string}"},"query-input":{"@type":"PropertyValueSpecification","valueRequired":true,"valueName":"search_term_string"}}],"inLanguage":"pt-BR"}]}},"_links":{"self":[{"href":"https:\/\/semanarural.ufrrj.br\/2024\/wp-json\/wp\/v2\/pages\/1232","targetHints":{"allow":["GET"]}}],"collection":[{"href":"https:\/\/semanarural.ufrrj.br\/2024\/wp-json\/wp\/v2\/pages"}],"about":[{"href":"https:\/\/semanarural.ufrrj.br\/2024\/wp-json\/wp\/v2\/types\/page"}],"author":[{"embeddable":true,"href":"https:\/\/semanarural.ufrrj.br\/2024\/wp-json\/wp\/v2\/users\/1"}],"replies":[{"embeddable":true,"href":"https:\/\/semanarural.ufrrj.br\/2024\/wp-json\/wp\/v2\/comments?post=1232"}],"version-history":[{"count":2,"href":"https:\/\/semanarural.ufrrj.br\/2024\/wp-json\/wp\/v2\/pages\/1232\/revisions"}],"predecessor-version":[{"id":1246,"href":"https:\/\/semanarural.ufrrj.br\/2024\/wp-json\/wp\/v2\/pages\/1232\/revisions\/1246"}],"wp:attachment":[{"href":"https:\/\/semanarural.ufrrj.br\/2024\/wp-json\/wp\/v2\/media?parent=1232"}],"curies":[{"name":"wp","href":"https:\/\/api.w.org\/{rel}","templated":true}]}}

Programação geral

<p>Divulgamos abaixo a Programação geral da Semana Rural 2024.</p>



<div class="wp-block-file"><a id="wp-block-file--media-f01349a3-a361-4625-846b-04c36be74d05" href="https://semanarural.ufrrj.br/2024/wp-content/uploads/sites/3/2024/05/Programacao-Geral-1.pdf">Programação Geral</a><a href="https://semanarural.ufrrj.br/2024/wp-content/uploads/sites/3/2024/05/Programacao-Geral-1.pdf" class="wp-block-file__button wp-element-button" download aria-describedby="wp-block-file--media-f01349a3-a361-4625-846b-04c36be74d05">Baixar</a></div>

<p>Divulgamos abaixo a Programação geral da Semana Rural 2024.</p>

<!-- This site is optimized with the Yoast SEO plugin v27.2 - https://yoast.com/product/yoast-seo-wordpress/ -->
<title>Programação geral - Semana Rural 2024</title>
<meta name="robots" content="index, follow, max-snippet:-1, max-image-preview:large, max-video-preview:-1" />
<link rel="canonical" href="https://semanarural.ufrrj.br/2024/programacao-geral/" />
<meta property="og:locale" content="pt_BR" />
<meta property="og:type" content="article" />
<meta property="og:title" content="Programação geral - Semana Rural 2024" />
<meta property="og:description" content="Divulgamos abaixo a Programação geral da Semana Rural 2024." />
<meta property="og:url" content="https://semanarural.ufrrj.br/2024/programacao-geral/" />
<meta property="og:site_name" content="Semana Rural 2024" />
<meta property="article:publisher" content="https://www.facebook.com/profile.php?id=100092434855415" />
<meta property="article:modified_time" content="2024-05-31T13:07:12+00:00" />
<meta name="twitter:card" content="summary_large_image" />
<meta name="twitter:label1" content="Est. tempo de leitura" />
	<meta name="twitter:data1" content="1 minuto" />
<script type="application/ld+json" class="yoast-schema-graph">{"@context":"https://schema.org","@graph":[{"@type":"WebPage","@id":"https://semanarural.ufrrj.br/2024/programacao-geral/","url":"https://semanarural.ufrrj.br/2024/programacao-geral/","name":"Programação geral - Semana Rural 2024","isPartOf":{"@id":"https://semanarural.ufrrj.br/2024/#website"},"datePublished":"2024-05-29T12:44:58+00:00","dateModified":"2024-05-31T13:07:12+00:00","breadcrumb":{"@id":"https://semanarural.ufrrj.br/2024/programacao-geral/#breadcrumb"},"inLanguage":"pt-BR","potentialAction":[{"@type":"ReadAction","target":["https://semanarural.ufrrj.br/2024/programacao-geral/"]}]},{"@type":"BreadcrumbList","@id":"https://semanarural.ufrrj.br/2024/programacao-geral/#breadcrumb","itemListElement":[{"@type":"ListItem","position":1,"name":"Início","item":"https://semanarural.ufrrj.br/2024/"},{"@type":"ListItem","position":2,"name":"Programação geral"}]},{"@type":"WebSite","@id":"https://semanarural.ufrrj.br/2024/#website","url":"https://semanarural.ufrrj.br/2024/","name":"Semana Rural 2024","description":"","potentialAction":[{"@type":"SearchAction","target":{"@type":"EntryPoint","urlTemplate":"https://semanarural.ufrrj.br/2024/?s={search_term_string}"},"query-input":{"@type":"PropertyValueSpecification","valueRequired":true,"valueName":"search_term_string"}}],"inLanguage":"pt-BR"}]}</script>
<!-- / Yoast SEO plugin. -->

Programação geral - Semana Rural 2024

Divulgamos abaixo a Programação geral da Semana Rural 2024.

Início
